 by 208.
207
What is the remainder when 682426 is divided by 222?
220
What is the remainder when 3535 is divided by 1100?
235
Calculate the remainder when 4007 is divided by 69.
5
What is the remainder when 3699 is divided by 798?
507
Calculate the remainder when 459220 is divided by 1096.
1092
Calculate the remainder when 4323 is divided by 1012.
275
Calculate the remainder when 14728 is divided by 76.
60
What is the remainder when 39983 is divided by 68?
67
Calculate the remainder when 15599 is divided by 50.
49
Calculate the remainder when 19442 is divided by 65.
7
What is the remainder when 1190446 is divided by 7?
5
What is the remainder when 7671 is divided by 24?
15
What is the remainder when 173101 is divided by 57676?
73
What is the remainder when 30632 is divided by 245?
7
Calculate the remainder when 12963 is divided by 12.
3
Calculate the remainder when 279494 is divided by 161.
159
Calculate the remainder when 61734 is divided by 20569.
27
Calculate the remainder when 17664 is divided by 146.
144
Calculate the remainder when 1612 is divided by 110.
72
Calculate the remainder when 1562740 is divided by 31.
30
What is the remainder when 19345 is divided by 3224?
1
Calculate the remainder when 19624 is divided by 613.
8
Calculate the remainder when 697994 is divided by 116330.
14
Calculate the remainder when 13703 is divided by 1810.
1033
What is the remainder when 6756 is divided by 259?
22
Calculate the remainder when 7327 is divided by 306.
289
What is the remainder when 716602 is divided by 983?
978
Calculate the remainder when 102459 is divided by 69.
63
What is the remainder when 56768 is divided by 10?
8
Calculate the remainder when 5708 is divided by 1176.
1004
What is the remainder when 51753 is divided by 51735?
18
What is the remainder when 79251 is divided by 131?
127
What is the remainder when 18793 is divided by 37?
34
What is the remainder when 4229 is divided by 1115?
884
Calculate the remainder when 95004 is divided by 31635.
99
What is the remainder when 16125 is divided by 221?
213
What is the remainder when 408 is divided by 346?
62
What is the remainder when 337160 is divided by 11?
10
What is the remainder when 576421 is divided by 22?
21
What is the remainder when 1432468 is divided by 1307?
1303
Calculate the remainder when 100329 is divided by 48.
9
What is the remainder when 209636 is divided by 9?
8
What is the remainder when 355 is divided by 280?
75
Calculate the remainder when 1752 is divided by 477.
321
What is the remainder when 1223 is divided by 133?
26
Calculate the remainder when 23238 is divided by 13.
7
What is the remainder when 3691 is divided by 1836?
19
Calculate the remainder when 38619 is divided by 1487.
1444
What is the remainder when 6259 is divided by 446?
15
Calculate the remainder when 37085 is divided by 73.
1
What is the remainder when 75597 is divided by 42?
39
Calculate the remainder when 37036 is divided by 35.
6
Calculate the remainder when 1251249 is divided by 175.
174
What is the remainder when 25571 is divided by 1169?
1022
Calculate the remainder when 47504 is divided by 601.
25
Calculate the remainder when 180315 is divided by 37.
14
What is the remainder when 61666 is divided by 12?
10
What is the remainder when 19795 is divided by 51?
7
What is the remainder when 568464 is divided by 92?
88
What is the remainder when 500744 is divided by 13?
10
What is the remainder when 13024 is divided by 6411?
202
What is the remainder when 65264 is divided by 32622?
20
Calculate the remainder when 159 is divided by 13.
3
Calculate the remainder when 34764 is divided by 14.
2
What is the remainder when 13863 is divided by 49?
45
What is the remainder when 9738 is divided by 56?
50
Calculate the remainder when 998187 is divided by 23.
10
What is the remainder when 27842 is divided by 864?
194
What is the remainder when 782776 is divided by 286?
280
Calculate the remainder when 17459 is divided by 24.
11
What is the remainder when 7598 is divided by 7593?
5
What is the remainder when 6792 is divided by 15?
12
Calculate the remainder when 7973 is divided by 186.
161
Calculate the remainder when 11313 is divided by 105.
78
What is the remainder when 3580 is divided by 82?
54
Calculate the remainder when 18219 is divided by 1107.
507
Calculate the remainder when 2008 is divided by 402.
400
Calculate the remainder when 3248 is divided by 809.
12
Calculate the remainder when 128966 is divided by 45.
41
Calculate the remainder when 589 is divided by 150.
139
What is the remainder when 21358 is divided by 1030?
758
What is the remainder when 121437 is divided by 352?
349
Calculate the remainder when 6357 is divided by 2112.
21
What is the remainder when 1076 is divided by 597?
479
Calculate the remainder when 282905 is divided by 33.
29
What is the remainder when 27613 is divided by 4580?
133
Calculate the remainder when 1747646 is divided by 139.
138
What is the remainder when 101844 is divided by 20366?
14
Calculate the remainder when 20321 is divided by 1409.
595
What is the remainder when 144 is divided by 40?
24
What is the remainder when 623 is divided by 76?
15
What is the remainder when 1803 is divided by 707?
389
Calculate the remainder when 22727 is divided by 38.
3
What is the remainder when 3964 is divided by 3950?
14
Calculate the remainder when 1518 is divided by 209.
55
Calculate the remainder when 691653 is divided by 1074.
1071
What is the remainder when 927 is divided by 872?
55
What is the remainder when 52505 is divided by 10482?
95
What is the remainder when 8889 is divided by 297?
276
Calculate the remainder when 692 is divided by 119.
97
What is the remainder when 5864 is divided by 36?
32
Calculate the remainder when 9741 is divided by 120.
21
Calculate the remainder when 20669 is divided by 90.
59
What is the remainder when 1565 is divided by 255?
35
Calculate the remainder when 60573 is divided by 391.
359
Calculate the remainder when 17120 is divided by 5683.
71
What is the remainder when 19927 is divided by 60?
7
What is the remainder when 28570 is divided by 53?
3
Calculate the remainder when 13803 is divided by 14.
13
What is the remainder when 13890 is divided by 6838?
214
Calculate the remainder when 69635 is divided by 23205.
20
Calculate the remainder when 2729 is divided by 386.
27
Calculate the remainder when 1024797 is divided by 96.
93
What is the remainder when 63034 is divided by 521?
514
What is the remainder when 47403 is divided by 1082?
877
What is the remainder when 18621 is divided by 44?
9
What is the remainder when 284329 is divided by 142158?
13
Calculate the remainder when 38270 is divided by 65.
50
What is the remainder when 14196 is divided by 133?
98
Calculate the remainder when 231582 is divided by 20.
2
What is the remainder when 16717 is divided by 1084?
457
What is the remainder when 1105 is divided by 537?
31
Calculate the remainder when 57632 is divided by 198.
14
What is the remainder when 265748 is divided by 16608?
20
Calculate the remainder when 1453 is divided by 531.
391
Calculate the remainder when 13335 is divided by 73.
49
What is the remainder when 2162 is divided by 15?
2
Calculate the remainder when 24441 is divided by 285.
216
What is the remainder when 4567 is divided by 457?
454
What is the remainder when 186948 is divided by 8?
4
Calculate the remainder when 25496 is divided by 25.
21
What is the remainder when 3114 is divided by 1433?
248
What is the remainder when 137943 is divided by 26?
13
Calculate the remainder when 4682 is divided by 519.
11
Calculate the remainder when 76743 is divided by 495.
18
Calculate the remainder when 52187 is divided by 9.
5
What is the remainder when 23160 is divided by 45?
30
What is the remainder when 2507 is divided by 1124?
259
Calculate the remainder when 13321 is divided by 113.
100
Calculate the remainder when 1084283 is divided by 21.
11
Calculate the remainder when 6320 is divided by 919.
806
Calculate the remainder when 2328 is divided by 316.
116
What is the remainder when 131879 is divided by 1?
0
Calculate the remainder when 123613 is divided by 41200.
13
Calculate the remainder when 625 is divided by 154.
9
What is the remainder when 162208 is divided by 202?
2
Calcul